{"id":6487,"date":"2024-07-22T19:39:01","date_gmt":"2024-07-22T17:39:01","guid":{"rendered":"https:\/\/amis-maregraphe-marseille.fr\/?page_id=6487"},"modified":"2025-01-02T17:34:36","modified_gmt":"2025-01-02T16:34:36","slug":"6487-2","status":"publish","type":"page","link":"https:\/\/amis-maregraphe-marseille.fr\/?page_id=6487","title":{"rendered":"L&rsquo;appareil m\u00e9canique"},"content":{"rendered":"<p>[et_pb_section fb_built=\u00a0\u00bb1&Prime; _builder_version=\u00a0\u00bb4.18.0&Prime; _module_preset=\u00a0\u00bbdefault\u00a0\u00bb transform_translate=\u00a0\u00bb0px|-60px\u00a0\u00bb transform_translate_linked=\u00a0\u00bboff\u00a0\u00bb min_height=\u00a0\u00bb321px\u00a0\u00bb custom_margin=\u00a0\u00bb0px||-166px||false|false\u00a0\u00bb custom_padding=\u00a0\u00bb|0px|0px|||\u00a0\u00bb global_colors_info=\u00a0\u00bb{}\u00a0\u00bb][et_pb_row _builder_version=\u00a0\u00bb4.18.0&Prime; _module_preset=\u00a0\u00bbdefault\u00a0\u00bb width=\u00a0\u00bb100%\u00a0\u00bb min_height=\u00a0\u00bb185px\u00a0\u00bb height=\u00a0\u00bb185px\u00a0\u00bb max_height=\u00a0\u00bb185px\u00a0\u00bb custom_margin=\u00a0\u00bb-51px|auto||auto||\u00a0\u00bb global_colors_info=\u00a0\u00bb{}\u00a0\u00bb][et_pb_column type=\u00a0\u00bb4_4&Prime; _builder_version=\u00a0\u00bb4.17.6&Prime; _module_preset=\u00a0\u00bbdefault\u00a0\u00bb global_colors_info=\u00a0\u00bb{}\u00a0\u00bb][et_pb_text _builder_version=\u00a0\u00bb4.27.4&Prime; _module_preset=\u00a0\u00bbdefault\u00a0\u00bb text_font_size=\u00a0\u00bb50px\u00a0\u00bb text_line_height=\u00a0\u00bb3em\u00a0\u00bb background_image=\u00a0\u00bbhttps:\/\/amis-maregraphe-marseille.fr\/wp-content\/uploads\/2022\/08\/bandeau270x2000.jpg\u00a0\u00bb width=\u00a0\u00bb100%\u00a0\u00bb max_width=\u00a0\u00bb1920%\u00a0\u00bb min_height=\u00a0\u00bb185px\u00a0\u00bb height=\u00a0\u00bb185px\u00a0\u00bb max_height=\u00a0\u00bb185px\u00a0\u00bb global_colors_info=\u00a0\u00bb{}\u00a0\u00bb]<\/p>\n<p style=\"text-align: center;\"><span style=\"color: #ffffff;\">L&rsquo;appareil m\u00e9canique<br \/><\/span><\/p>\n<p>[\/et_pb_text][\/et_pb_column][\/et_pb_row][et_pb_row _builder_version=\u00a0\u00bb4.17.6&Prime; _module_preset=\u00a0\u00bbdefault\u00a0\u00bb custom_margin=\u00a0\u00bb|auto|-42px|4px||\u00a0\u00bb custom_padding=\u00a0\u00bb||4px|||\u00a0\u00bb global_colors_info=\u00a0\u00bb{}\u00a0\u00bb][et_pb_column type=\u00a0\u00bb4_4&Prime; _builder_version=\u00a0\u00bb4.17.6&Prime; _module_preset=\u00a0\u00bbdefault\u00a0\u00bb global_colors_info=\u00a0\u00bb{}\u00a0\u00bb][et_pb_text _builder_version=\u00a0\u00bb4.27.4&Prime; _module_preset=\u00a0\u00bbdefault\u00a0\u00bb text_font_size=\u00a0\u00bb17px\u00a0\u00bb text_line_height=\u00a0\u00bb1.8em\u00a0\u00bb transform_scale_linked=\u00a0\u00bboff\u00a0\u00bb transform_translate=\u00a0\u00bb200px|0px\u00a0\u00bb transform_translate_linked=\u00a0\u00bboff\u00a0\u00bb width=\u00a0\u00bb100%\u00a0\u00bb min_height=\u00a0\u00bb147.2px\u00a0\u00bb custom_margin=\u00a0\u00bb||-6px|||\u00a0\u00bb custom_padding=\u00a0\u00bb58px||3px|||\u00a0\u00bb global_colors_info=\u00a0\u00bb{}\u00a0\u00bb]<\/p>\n<p style=\"text-align: justify;\">Cette page comprend trois parties contenant des documents r\u00e9dig\u00e9s par <strong>Alain Faure <\/strong>et <strong>Christian Garing<\/strong>, tous deux anciens professeurs agr\u00e9g\u00e9s au Lyc\u00e9e Thiers de Marseille.<br \/>Ces documents ont en commun de traiter de l&rsquo;appareil m\u00e9canique qui \u00e9quipe l&rsquo;observatoire de Marseille (sa conception, sa fabrication, son fonctionnement) et tout particuli\u00e8rement de son int\u00e9grateur m\u00e9canique ou \u00ab\u00a0totalisateur\u00a0\u00bb.<\/p>\n<p><strong>1 &#8211; La conception et la fabrication du mar\u00e9graphe m\u00e9canique de Marseille<\/strong><\/p>\n<p style=\"text-align: justify;\">Les fichiers PDF pr\u00e9sent\u00e9s ci-dessous compl\u00e8tent et mettent \u00e0 jour les pages 167 \u00e0 191 du <a href=\"https:\/\/amis-maregraphe-marseille.fr\/?page_id=3811\" target=\"_blank\" rel=\"noopener\"><span style=\"color: #ff9900;\"><strong>livre<\/strong> <\/span><strong><span style=\"color: #ff9900;\">\u00ab\u00a0Le mar\u00e9graphe de Marseille\u00a0\u00bb<\/span><\/strong><\/a> \u00e9dit\u00e9 en 2014. Les nouvelles recherches sur l&rsquo;histoire primitive du mar\u00e9graphe totalisateur de Marseille ont \u00e9t\u00e9 effectu\u00e9es en 2024 par <strong>Fr\u00e9d\u00e9rique Chambonnet<\/strong> et <strong>Christian Garing<\/strong>, deux membres de notre association. Leurs r\u00e9sultats ont \u00e9t\u00e9 mis en forme, en Fran\u00e7ais et en Allemand, par <strong>Christian Garing<\/strong>.<\/p>\n<p style=\"text-align: justify;\">Ces fichiers t\u00e9moignent de la coop\u00e9ration passionn\u00e9e de trois hommes, r\u00e9unis par la r\u00e9alisation d&rsquo;un appareil scientifique aujourd&rsquo;hui unique au monde :<\/p>\n<p style=\"text-align: justify;\"><span>\u2022 <\/span>Friedrich Hermann Reitz (1831-1886), g\u00e9nial ing\u00e9nieur allemand, inventeur et concepteur des mar\u00e9graphes totalisateurs ;<\/p>\n<p style=\"text-align: justify;\"><span>\u2022 <\/span>Charles Lallemand (1857-1938), brillant polytechnicien fran\u00e7ais, qui a fait d\u00e9couvrir le \u00ab\u00a0Syst\u00e8me Reitz\u00a0\u00bb \u00e0 la Commission du nivellement g\u00e9n\u00e9ral de la France et a longuement correspondu avec F. H. Reitz pour apporter des am\u00e9liorations significatives aux mar\u00e9graphes totalisateurs existant pr\u00e9c\u00e9demment ;<\/p>\n<p style=\"text-align: justify;\"><span>\u2022 <\/span>Johann Christian Dennert (1829-1920), fondateur de l\u2019entreprise Dennert &amp; Pape, qui a fabriqu\u00e9 l\u2019appareil de Marseille \u00e0 Altona en Allemagne en 1884.<\/p>\n<p>&nbsp;<\/p>\n<p>[\/et_pb_text][\/et_pb_column][\/et_pb_row][et_pb_row column_structure=\u00a0\u00bb1_2,1_2&Prime; _builder_version=\u00a0\u00bb4.27.0&Prime; _module_preset=\u00a0\u00bbdefault\u00a0\u00bb custom_padding=\u00a0\u00bb1px||0px|||\u00a0\u00bb global_colors_info=\u00a0\u00bb{}\u00a0\u00bb][et_pb_column type=\u00a0\u00bb1_2&Prime; _builder_version=\u00a0\u00bb4.27.0&Prime; _module_preset=\u00a0\u00bbdefault\u00a0\u00bb global_colors_info=\u00a0\u00bb{}\u00a0\u00bb][et_pb_image src=\u00a0\u00bbhttps:\/\/amis-maregraphe-marseille.fr\/wp-content\/uploads\/2024\/08\/France-3.jpg\u00a0\u00bb title_text=\u00a0\u00bbFrance-3&Prime; _builder_version=\u00a0\u00bb4.27.0&Prime; _module_preset=\u00a0\u00bbdefault\u00a0\u00bb custom_margin=\u00a0\u00bb0px|||149px|false|false\u00a0\u00bb custom_padding=\u00a0\u00bb0px||||false|false\u00a0\u00bb global_colors_info=\u00a0\u00bb{}\u00a0\u00bb][\/et_pb_image][et_pb_text _builder_version=\u00a0\u00bb4.27.4&Prime; _module_preset=\u00a0\u00bbdefault\u00a0\u00bb text_font_size=\u00a0\u00bb17px\u00a0\u00bb transform_origin=\u00a0\u00bb50%|58%\u00a0\u00bb width=\u00a0\u00bb90.3%\u00a0\u00bb custom_margin=\u00a0\u00bb||31px|150px|false|false\u00a0\u00bb global_colors_info=\u00a0\u00bb{}\u00a0\u00bb]<\/p>\n<p><span style=\"color: #ff9900;\"><a href=\"https:\/\/amis-maregraphe-marseille.fr\/wp-content\/uploads\/2024\/07\/0.-Sommaire.pdf\" target=\"_blank\" rel=\"noopener\" style=\"color: #ff9900;\"><strong>Sommaire<\/strong><\/a><\/span><\/p>\n<p><span style=\"color: #ff9900;\"><a href=\"https:\/\/amis-maregraphe-marseille.fr\/wp-content\/uploads\/2024\/07\/1.-Origine-et-sources-des-recherches.pdf\" target=\"_blank\" rel=\"noopener\" style=\"color: #ff9900;\"><strong>1 &#8211; Origine et sources des recherches<\/strong><\/a><\/span><\/p>\n<p><span style=\"color: #ff9900;\"><a href=\"https:\/\/amis-maregraphe-marseille.fr\/wp-content\/uploads\/2024\/07\/2.-La-firme-D-P-a-Hambourg.pdf\" target=\"_blank\" rel=\"noopener\" style=\"color: #ff9900;\"><strong>2 &#8211; La firme Dennert &amp; Pape \u00e0 Hambourg<\/strong><\/a><\/span><\/p>\n<p><span style=\"color: #ff9900;\"><a href=\"https:\/\/amis-maregraphe-marseille.fr\/wp-content\/uploads\/2024\/07\/3.-La-firme-D-P-a-Altona.pdf\" target=\"_blank\" rel=\"noopener\" style=\"color: #ff9900;\"><strong>3 &#8211; La firme Dennert &amp; Pape \u00e0 Altona<\/strong><\/a><\/span><\/p>\n<p><span style=\"color: #ff9900;\"><a href=\"https:\/\/amis-maregraphe-marseille.fr\/wp-content\/uploads\/2024\/07\/4.-La-dynastie-Dennert.pdf\" target=\"_blank\" rel=\"noopener\" style=\"color: #ff9900;\"><strong>4 &#8211; La dynastie Dennert<\/strong><\/a><\/span><\/p>\n<p><a href=\"https:\/\/amis-maregraphe-marseille.fr\/wp-content\/uploads\/2024\/12\/5-F.H.Reitz-et-ses-maregraphes.pdf\" target=\"_blank\" rel=\"noopener\"><span style=\"color: #ff9900;\"><strong>5 &#8211; F. H. Reitz et ses mar\u00e9graphes<\/strong><\/span><\/a><\/p>\n<p><span style=\"color: #ff9900;\"><a href=\"https:\/\/amis-maregraphe-marseille.fr\/wp-content\/uploads\/2024\/07\/6.-Annexe-1-Genealogie-Reitz.pdf\" target=\"_blank\" rel=\"noopener\" style=\"color: #ff9900;\"><strong>Annexe 1 : g\u00e9n\u00e9alogie Reitz<\/strong><\/a><\/span><\/p>\n<p><a href=\"https:\/\/amis-maregraphe-marseille.fr\/wp-content\/uploads\/2024\/07\/7.-Annexe-2-Plans-de-Hambourg-et-Altona-de-1884-et-1888.pdf\"><span style=\"color: #ff9900;\"><strong>Annexe 2 : plan de Hambourg et Altona en 1884 et 1888<\/strong><\/span><\/a><\/p>\n<p>[\/et_pb_text][\/et_pb_column][et_pb_column type=\u00a0\u00bb1_2&Prime; _builder_version=\u00a0\u00bb4.27.0&Prime; _module_preset=\u00a0\u00bbdefault\u00a0\u00bb global_colors_info=\u00a0\u00bb{}\u00a0\u00bb][et_pb_image src=\u00a0\u00bbhttps:\/\/amis-maregraphe-marseille.fr\/wp-content\/uploads\/2024\/08\/allemagne.jpg\u00a0\u00bb title_text=\u00a0\u00bballemagne\u00a0\u00bb _builder_version=\u00a0\u00bb4.27.0&Prime; _module_preset=\u00a0\u00bbdefault\u00a0\u00bb width=\u00a0\u00bb82.1%\u00a0\u00bb custom_margin=\u00a0\u00bb|||51px|false|false\u00a0\u00bb global_colors_info=\u00a0\u00bb{}\u00a0\u00bb][\/et_pb_image][et_pb_text _builder_version=\u00a0\u00bb4.27.4&Prime; _module_preset=\u00a0\u00bbdefault\u00a0\u00bb text_font_size=\u00a0\u00bb17px\u00a0\u00bb width=\u00a0\u00bb88.7%\u00a0\u00bb custom_margin=\u00a0\u00bb|-61px|22px|52px|false|false\u00a0\u00bb global_colors_info=\u00a0\u00bb{}\u00a0\u00bb custom_padding=\u00a0\u00bb||35px|||\u00a0\u00bb]<\/p>\n<p><a href=\"https:\/\/amis-maregraphe-marseille.fr\/wp-content\/uploads\/2024\/07\/0.-Inhalt.pdf\" target=\"_blank\" rel=\"noopener\"><strong><span style=\"color: #ff9900;\">Inhalt<\/span><\/strong><\/a><\/p>\n<p><a href=\"https:\/\/amis-maregraphe-marseille.fr\/wp-content\/uploads\/2024\/07\/1.-Ursprung-und-Quellen-der-Recherchen.pdf\" target=\"_blank\" rel=\"noopener\"><strong><span style=\"color: #ff9900;\">1 &#8211; Ursprung und Quellen der Recherchen<\/span><\/strong><\/a><\/p>\n<p><span style=\"color: #ff9900;\"><a href=\"https:\/\/amis-maregraphe-marseille.fr\/wp-content\/uploads\/2024\/07\/2.-Die-Firma-D.-P.-in-Hamburg.pdf\" target=\"_blank\" rel=\"noopener\" style=\"color: #ff9900;\"><strong>2 &#8211; Die Firma Dennert &amp; Pape in Hamburg<\/strong><\/a><\/span><\/p>\n<p><span style=\"color: #ff9900;\"><a href=\"https:\/\/amis-maregraphe-marseille.fr\/wp-content\/uploads\/2024\/07\/3.-Die-Firma-D.-P.-in-Altona.pdf\" target=\"_blank\" rel=\"noopener\" style=\"color: #ff9900;\"><strong>3 &#8211; Die Firma Dennert &amp; Pape in Altona<\/strong><\/a><\/span><\/p>\n<p><span style=\"color: #ff9900;\"><a href=\"https:\/\/amis-maregraphe-marseille.fr\/wp-content\/uploads\/2024\/07\/4.-Die-Dennert-Dynastie.pdf\" target=\"_blank\" rel=\"noopener\" style=\"color: #ff9900;\"><strong>4 &#8211; Die Dennert-Dynastie<\/strong><\/a><\/span><\/p>\n<p><span style=\"color: #ff9900;\"><a href=\"https:\/\/amis-maregraphe-marseille.fr\/wp-content\/uploads\/2024\/12\/5-F.H.Reitz-und-seine-Flutmesser.pdf\" target=\"_blank\" rel=\"noopener\" style=\"color: #ff9900;\"><strong>5 &#8211; F. H. Reitz und seine Flutmesser<\/strong><\/a><\/span><\/p>\n<p><span style=\"color: #ff9900;\"><a href=\"https:\/\/amis-maregraphe-marseille.fr\/wp-content\/uploads\/2024\/07\/6.-Anhang-1-Reitz-Genealogie.pdf\" target=\"_blank\" rel=\"noopener\" style=\"color: #ff9900;\"><strong>Anhang 1 &#8211; Reitz Genealogie<\/strong><\/a><\/span><\/p>\n<p><a href=\"https:\/\/amis-maregraphe-marseille.fr\/wp-content\/uploads\/2024\/07\/7.-Anhang-2-Stadtplan-Hamburg-Altona-von-1884-und-1888-1.pdf\"><span style=\"color: #ff9900;\"><strong>Anhang 2 &#8211; Stadtplan Hamburg &#8211; Altona von 1884 und 1888<\/strong><\/span><\/a><\/p>\n<p>[\/et_pb_text][\/et_pb_column][\/et_pb_row][et_pb_row _builder_version=\u00a0\u00bb4.27.4&Prime; _module_preset=\u00a0\u00bbdefault\u00a0\u00bb min_height=\u00a0\u00bb342.9px\u00a0\u00bb custom_margin=\u00a0\u00bb-2px|auto||auto||\u00a0\u00bb custom_padding=\u00a0\u00bb4px||36px|||\u00a0\u00bb global_colors_info=\u00a0\u00bb{}\u00a0\u00bb][et_pb_column type=\u00a0\u00bb4_4&Prime; _builder_version=\u00a0\u00bb4.27.4&Prime; _module_preset=\u00a0\u00bbdefault\u00a0\u00bb global_colors_info=\u00a0\u00bb{}\u00a0\u00bb][et_pb_text _builder_version=\u00a0\u00bb4.27.4&Prime; _module_preset=\u00a0\u00bbdefault\u00a0\u00bb text_font_size=\u00a0\u00bb17px\u00a0\u00bb text_line_height=\u00a0\u00bb1.8em\u00a0\u00bb min_height=\u00a0\u00bb244.6px\u00a0\u00bb custom_padding=\u00a0\u00bb0px||0px|||\u00a0\u00bb global_colors_info=\u00a0\u00bb{}\u00a0\u00bb]<\/p>\n<p style=\"text-align: justify;\"><strong><\/strong><\/p>\n<p style=\"text-align: justify;\"><strong>2 &#8211; Le <\/strong><strong>mar\u00e9graphe m\u00e9canique de Marseille &#8211; <\/strong><strong>De l\u2019enregistreur au totalisateur<\/strong><\/p>\n<p style=\"text-align: justify;\"><span style=\"color: #ff9900;\"><a href=\"https:\/\/amis-maregraphe-marseille.fr\/wp-content\/uploads\/2024\/12\/2024-12-13-MEMOIRE-FAURE.pdf\" target=\"_blank\" rel=\"noopener\" style=\"color: #ff9900;\"><strong>Ce m\u00e9moire de 40 pages<\/strong><\/a><\/span>, r\u00e9dig\u00e9 par <strong>Alain Faure<\/strong>, pr\u00e9sente <strong>du point de vue math\u00e9matique<\/strong> l&rsquo;\u00e9volution des sciences et techniques qui a permis la fabrication du mar\u00e9graphe m\u00e9canique de Marseille, et d\u00e9crit l\u2019utilisation pratique de cet appareil. Si sa compr\u00e9hension globale et les parties \u00e9crites en noir sont accessibles \u00e0 tous, certains passages, \u00e9crits en bleu, n\u00e9cessitent un niveau bac+1 en math\u00e9matiques.<\/p>\n<p style=\"text-align: justify;\"><strong><\/strong><\/p>\n<p style=\"text-align: justify;\"><strong>3 &#8211; Le fonctionnement du totalisateur<\/strong><\/p>\n<p style=\"text-align: justify;\"><a href=\"https:\/\/amis-maregraphe-marseille.fr\/wp-content\/uploads\/2024\/12\/Garing-Fonctionnement-totalisateur.pdf\" target=\"_blank\" rel=\"noopener\"><strong><span style=\"color: #ff9900;\">Ce document de 6 pages<\/span><\/strong><\/a>, r\u00e9dig\u00e9 par <strong>Christian Garing<\/strong>, donne <strong>l\u2019explication physique<\/strong> du principe de fonctionnement du totalisateur, dans une pr\u00e9sentation actuelle. Sa lecture n\u00e9cessite un niveau bac+1 en physique. Cette explication s&rsquo;appuie sur une analogie pratique : le compteur \u00e9lectrique.<\/p>\n<p>[\/et_pb_text][\/et_pb_column][\/et_pb_row][\/et_pb_section]<\/p>\n","protected":false},"excerpt":{"rendered":"<p>L&rsquo;appareil m\u00e9caniqueCette page comprend trois parties contenant des documents r\u00e9dig\u00e9s par Alain Faure et Christian Garing, tous deux anciens professeurs agr\u00e9g\u00e9s au Lyc\u00e9e Thiers de Marseille.Ces documents ont en commun de traiter de l&rsquo;appareil m\u00e9canique qui \u00e9quipe l&rsquo;observatoire de Marseille (sa conception, sa fabrication, son fonctionnement) et tout particuli\u00e8rement de son int\u00e9grateur m\u00e9canique ou \u00ab\u00a0totalisateur\u00a0\u00bb. [&hellip;]<\/p>\n","protected":false},"author":1,"featured_media":0,"parent":0,"menu_order":0,"comment_status":"closed","ping_status":"closed","template":"","meta":{"_et_pb_use_builder":"on","_et_pb_old_content":"","_et_gb_content_width":"","ngg_post_thumbnail":0,"footnotes":""},"class_list":["post-6487","page","type-page","status-publish","hentry"],"_links":{"self":[{"href":"https:\/\/amis-maregraphe-marseille.fr\/index.php?rest_route=\/wp\/v2\/pages\/6487","targetHints":{"allow":["GET"]}}],"collection":[{"href":"https:\/\/amis-maregraphe-marseille.fr\/index.php?rest_route=\/wp\/v2\/pages"}],"about":[{"href":"https:\/\/amis-maregraphe-marseille.fr\/index.php?rest_route=\/wp\/v2\/types\/page"}],"author":[{"embeddable":true,"href":"https:\/\/amis-maregraphe-marseille.fr\/index.php?rest_route=\/wp\/v2\/users\/1"}],"replies":[{"embeddable":true,"href":"https:\/\/amis-maregraphe-marseille.fr\/index.php?rest_route=%2Fwp%2Fv2%2Fcomments&post=6487"}],"version-history":[{"count":101,"href":"https:\/\/amis-maregraphe-marseille.fr\/index.php?rest_route=\/wp\/v2\/pages\/6487\/revisions"}],"predecessor-version":[{"id":6952,"href":"https:\/\/amis-maregraphe-marseille.fr\/index.php?rest_route=\/wp\/v2\/pages\/6487\/revisions\/6952"}],"wp:attachment":[{"href":"https:\/\/amis-maregraphe-marseille.fr\/index.php?rest_route=%2Fwp%2Fv2%2Fmedia&parent=6487"}],"curies":[{"name":"wp","href":"https:\/\/api.w.org\/{rel}","templated":true}]}}