{"id":3745,"date":"2022-10-23T19:43:39","date_gmt":"2022-10-23T17:43:39","guid":{"rendered":"https:\/\/amis-maregraphe-marseille.fr\/?page_id=3745"},"modified":"2024-11-21T09:04:06","modified_gmt":"2024-11-21T08:04:06","slug":"orientations","status":"publish","type":"page","link":"https:\/\/amis-maregraphe-marseille.fr\/?page_id=3745","title":{"rendered":"Orientations"},"content":{"rendered":"<p>[et_pb_section fb_built=\u00a0\u00bb1&Prime; _builder_version=\u00a0\u00bb4.18.0&Prime; _module_preset=\u00a0\u00bbdefault\u00a0\u00bb min_height=\u00a0\u00bb934px\u00a0\u00bb height=\u00a0\u00bb1000px\u00a0\u00bb max_height=\u00a0\u00bb1000px\u00a0\u00bb custom_margin=\u00a0\u00bb-36px||-140px||false|false\u00a0\u00bb custom_padding=\u00a0\u00bb0px||0px||false|false\u00a0\u00bb global_colors_info=\u00a0\u00bb{}\u00a0\u00bb][et_pb_row _builder_version=\u00a0\u00bb4.18.0&Prime; _module_preset=\u00a0\u00bbdefault\u00a0\u00bb width=\u00a0\u00bb100%\u00a0\u00bb max_width=\u00a0\u00bb2000px\u00a0\u00bb min_height=\u00a0\u00bb185px\u00a0\u00bb height=\u00a0\u00bb185px\u00a0\u00bb max_height=\u00a0\u00bb185px\u00a0\u00bb global_colors_info=\u00a0\u00bb{}\u00a0\u00bb][et_pb_column type=\u00a0\u00bb4_4&Prime; _builder_version=\u00a0\u00bb4.18.0&Prime; _module_preset=\u00a0\u00bbdefault\u00a0\u00bb global_colors_info=\u00a0\u00bb{}\u00a0\u00bb][et_pb_text _builder_version=\u00a0\u00bb4.18.0&Prime; _module_preset=\u00a0\u00bbdefault\u00a0\u00bb text_font_size=\u00a0\u00bb50px\u00a0\u00bb text_line_height=\u00a0\u00bb3em\u00a0\u00bb background_image=\u00a0\u00bbhttps:\/\/amis-maregraphe-marseille.fr\/wp-content\/uploads\/2022\/08\/bandeau270x2000.jpg\u00a0\u00bb width=\u00a0\u00bb100%\u00a0\u00bb max_width=\u00a0\u00bb2000px\u00a0\u00bb min_height=\u00a0\u00bb185px\u00a0\u00bb height=\u00a0\u00bb185px\u00a0\u00bb max_height=\u00a0\u00bb185px\u00a0\u00bb global_colors_info=\u00a0\u00bb{}\u00a0\u00bb]<\/p>\n<p style=\"text-align: center;\"><span style=\"color: #ffffff;\">Orientations et moyens d&rsquo;action<\/span><\/p>\n<p>[\/et_pb_text][\/et_pb_column][\/et_pb_row][et_pb_row _builder_version=\u00a0\u00bb4.18.0&Prime; _module_preset=\u00a0\u00bbdefault\u00a0\u00bb background_color=\u00a0\u00bb#FFFFFF\u00a0\u00bb width=\u00a0\u00bb90%\u00a0\u00bb module_alignment=\u00a0\u00bbcenter\u00a0\u00bb max_height=\u00a0\u00bb470px\u00a0\u00bb custom_margin=\u00a0\u00bb40px|auto|-148px|27px|false|false\u00a0\u00bb custom_padding=\u00a0\u00bb53px|||||\u00a0\u00bb global_colors_info=\u00a0\u00bb{}\u00a0\u00bb][et_pb_column type=\u00a0\u00bb4_4&Prime; _builder_version=\u00a0\u00bb4.18.0&Prime; _module_preset=\u00a0\u00bbdefault\u00a0\u00bb global_colors_info=\u00a0\u00bb{}\u00a0\u00bb][et_pb_text _builder_version=\u00a0\u00bb4.27.3&Prime; _module_preset=\u00a0\u00bbdefault\u00a0\u00bb text_font_size=\u00a0\u00bb17px\u00a0\u00bb text_line_height=\u00a0\u00bb1.8em\u00a0\u00bb width=\u00a0\u00bb100%\u00a0\u00bb custom_margin=\u00a0\u00bb||35px|||\u00a0\u00bb custom_padding=\u00a0\u00bb||0px|||\u00a0\u00bb hover_enabled=\u00a0\u00bb0&Prime; global_colors_info=\u00a0\u00bb{}\u00a0\u00bb sticky_enabled=\u00a0\u00bb0&Prime;]<\/p>\n<p style=\"text-align: justify;\">Le mar\u00e9graphe de Marseille suscite aupr\u00e8s de nombreuses personnes un int\u00e9r\u00eat certain et affirm\u00e9, mais il reste pour d\u2019autres assez m\u00e9connu et myst\u00e9rieux.<\/p>\n<p style=\"text-align: justify;\">La fascination qu\u2019il exerce se traduit par exemple par la curiosit\u00e9 et l\u2019attachement que lui vouent les m\u00e9dias ou par le succ\u00e8s rencontr\u00e9 par les ouvertures au public (plus de 10 000 visiteurs entre 2013 et 2024 ; 20 000 personnes sur liste d\u2019attente, quasiment sans autre publicit\u00e9 qu\u2019un excellent \u00ab\u00a0bouche \u00e0 oreille\u00a0\u00bb).<\/p>\n<p style=\"text-align: justify;\">Les raisons de cet exceptionnel int\u00e9r\u00eat sont les suivantes\u00a0: le mar\u00e9graphe de Marseille est un <a href=\"https:\/\/amis-maregraphe-marseille.fr\/?page_id=4248\" target=\"_blank\" rel=\"noopener\"><span style=\"color: #ff9900;\"><strong>lieu unique\u00a0au monde<\/strong><\/span><\/a>, o\u00f9 se c\u00f4toient avec bonheur <strong>patrimoine et modernit\u00e9<\/strong>. Notre association se propose d\u2019utiliser tous les moyens \u00e0 sa disposition pour faire mieux conna\u00eetre son histoire et son int\u00e9r\u00eat scientifique actuel.<\/p>\n<p>[\/et_pb_text][et_pb_text _builder_version=\u00a0\u00bb4.18.0&Prime; _module_preset=\u00a0\u00bbdefault\u00a0\u00bb global_colors_info=\u00a0\u00bb{}\u00a0\u00bb]<\/p>\n<h2>Nos grandes orientations<\/h2>\n<p>[\/et_pb_text][et_pb_text _builder_version=\u00a0\u00bb4.18.0&Prime; _module_preset=\u00a0\u00bbdefault\u00a0\u00bb text_font_size=\u00a0\u00bb17px\u00a0\u00bb text_line_height=\u00a0\u00bb1.8em\u00a0\u00bb custom_margin=\u00a0\u00bb-36px||35px|||\u00a0\u00bb custom_padding=\u00a0\u00bb||3px|||\u00a0\u00bb global_colors_info=\u00a0\u00bb{}\u00a0\u00bb]<\/p>\n<p style=\"text-align: justify;\"><strong>Valoriser les atouts patrimoniaux<\/strong> exceptionnels du mar\u00e9graphe de Marseille.<\/p>\n<p style=\"text-align: justify;\"><strong>Faire mieux conna\u00eetre son r\u00f4le d&rsquo;observatoire moderne<\/strong> du niveau de la mer et vulgariser les notions scientifiques li\u00e9es aux observations qui sont r\u00e9alis\u00e9es en son sein.<\/p>\n<p style=\"text-align: justify;\">Cons\u00e9quence des deux orientations pr\u00e9c\u00e9dentes, <strong>participer avec nos moyens, \u00e0 l&rsquo;information sur les changements climatiques<\/strong> et \u00e0 la n\u00e9cessit\u00e9 d&rsquo;agir pour les att\u00e9nuer et pour s&rsquo;adapter \u00e0 leurs cons\u00e9quences.<\/p>\n<p>[\/et_pb_text][et_pb_text _builder_version=\u00a0\u00bb4.18.0&Prime; _module_preset=\u00a0\u00bbdefault\u00a0\u00bb custom_margin=\u00a0\u00bb||13px|||\u00a0\u00bb global_colors_info=\u00a0\u00bb{}\u00a0\u00bb]<\/p>\n<h2 style=\"text-align: justify;\">Nos principaux moyens d&rsquo;action<\/h2>\n<p>[\/et_pb_text][et_pb_text _builder_version=\u00a0\u00bb4.19.2&Prime; _module_preset=\u00a0\u00bbdefault\u00a0\u00bb text_font_size=\u00a0\u00bb17px\u00a0\u00bb text_line_height=\u00a0\u00bb1.8em\u00a0\u00bb custom_margin=\u00a0\u00bb||-4px|||\u00a0\u00bb global_colors_info=\u00a0\u00bb{}\u00a0\u00bb]<\/p>\n<p>Continuer, sous une forme \u00e0 d\u00e9finir avec le gestionnaire du site (l&rsquo;IGN) \u00e0 <a href=\"https:\/\/amis-maregraphe-marseille.fr\/?page_id=3809\" target=\"_blank\" rel=\"noopener\"><strong><span style=\"color: #ff9900;\">ouvrir le mar\u00e9graphe au public<\/span><\/strong><\/a>.<\/p>\n<p>Mettre en place, en coop\u00e9ration avec d&rsquo;autres organismes locaux et nationaux, des actions p\u00e9dagogiques incluant, pour les adultes des conf\u00e9rences \u00e0 Marseille et dans sa r\u00e9gion, et pour les mineurs des visites d\u00e9di\u00e9es et des interventions en milieu scolaire, en appui au travail des enseignants.<\/p>\n<p>Favoriser la cr\u00e9ation et la diffusion d&rsquo;oeuvres num\u00e9riques, culturelles, scientifiques ou artistiques, d\u00e9di\u00e9es au mar\u00e9graphe.<\/p>\n<p>[\/et_pb_text][\/et_pb_column][\/et_pb_row][\/et_pb_section]<\/p>\n","protected":false},"excerpt":{"rendered":"<p>Orientations et moyens d&rsquo;actionLe mar\u00e9graphe de Marseille suscite aupr\u00e8s de nombreuses personnes un int\u00e9r\u00eat certain et affirm\u00e9, mais il reste pour d\u2019autres assez m\u00e9connu et myst\u00e9rieux. La fascination qu\u2019il exerce se traduit par exemple par la curiosit\u00e9 et l\u2019attachement que lui vouent les m\u00e9dias ou par le succ\u00e8s rencontr\u00e9 par les ouvertures au public (plus [&hellip;]<\/p>\n","protected":false},"author":1,"featured_media":0,"parent":0,"menu_order":0,"comment_status":"closed","ping_status":"closed","template":"","meta":{"_et_pb_use_builder":"on","_et_pb_old_content":"","_et_gb_content_width":"","ngg_post_thumbnail":0,"footnotes":""},"class_list":["post-3745","page","type-page","status-publish","hentry"],"_links":{"self":[{"href":"https:\/\/amis-maregraphe-marseille.fr\/index.php?rest_route=\/wp\/v2\/pages\/3745","targetHints":{"allow":["GET"]}}],"collection":[{"href":"https:\/\/amis-maregraphe-marseille.fr\/index.php?rest_route=\/wp\/v2\/pages"}],"about":[{"href":"https:\/\/amis-maregraphe-marseille.fr\/index.php?rest_route=\/wp\/v2\/types\/page"}],"author":[{"embeddable":true,"href":"https:\/\/amis-maregraphe-marseille.fr\/index.php?rest_route=\/wp\/v2\/users\/1"}],"replies":[{"embeddable":true,"href":"https:\/\/amis-maregraphe-marseille.fr\/index.php?rest_route=%2Fwp%2Fv2%2Fcomments&post=3745"}],"version-history":[{"count":51,"href":"https:\/\/amis-maregraphe-marseille.fr\/index.php?rest_route=\/wp\/v2\/pages\/3745\/revisions"}],"predecessor-version":[{"id":6798,"href":"https:\/\/amis-maregraphe-marseille.fr\/index.php?rest_route=\/wp\/v2\/pages\/3745\/revisions\/6798"}],"wp:attachment":[{"href":"https:\/\/amis-maregraphe-marseille.fr\/index.php?rest_route=%2Fwp%2Fv2%2Fmedia&parent=3745"}],"curies":[{"name":"wp","href":"https:\/\/api.w.org\/{rel}","templated":true}]}}